{"id":7,"date":"2012-02-06T17:35:35","date_gmt":"2012-02-06T17:35:35","guid":{"rendered":"http:\/\/franken.ccity.de\/?page_id=7"},"modified":"2019-05-07T08:17:32","modified_gmt":"2019-05-07T06:17:32","slug":"impressum","status":"publish","type":"page","link":"https:\/\/www.frankensicht.de\/?page_id=7","title":{"rendered":"Impressum"},"content":{"rendered":"<p><strong>Impressum<\/strong><\/p>\n<table width=\"416\" cellspacing=\"0\" cellpadding=\"0\">\n<tbody>\n<tr>\n<td valign=\"top\" width=\"200\">Verantwortlich f\u00fcr den Inhalt<br \/>\nHermann Josef Terhorst<br \/>\nObererle 745897 Gelsenkirchen-Buer<\/p>\n<p>Telefon: 0209 \u00a0\u00a08833014<\/p>\n<p>Fax: 03212 \u00a0 1023181 ( 0,12 Euro \/ Min aus dem deutschen Festnetz)<\/p>\n<p>Email: presse(at)frankensicht.de<\/p>\n<p>Homepage: www.frankensicht.de<\/td>\n<td valign=\"top\" width=\"200\"><\/td>\n<\/tr>\n<\/tbody>\n<\/table>\n<p>Bank: Bank im Bistum Essen<br \/>\nIban: DE96 3606 0295 00191 2015<br \/>\nSwift:GENODED1BBE<\/p>\n<p>Ust-IdNr.: DE125065529<br \/>\nSt.-Nr.: 318\/5101\/1599<\/p>\n<h2>Haftungshinweis<\/h2>\n<p>Trotz sorgf\u00e4ltiger inhaltlicher Kontrolle \u00fcbernehme ich keine Haftung f\u00fcr die Inhalte externer Links. F\u00fcr den Inhalt der verlinkten Seiten sind ausschlie\u00dflich deren Betreiber verantwortlich.<\/p>\n<h2>Bildmaterial<\/h2>\n<ul>\n<li>Bilder stammen von lizenzfreien Fotoquellen wie <a href=\"http:\/\/www.wikipedia.org\/\" target=\"_blank\" rel=\"noopener noreferrer\">wikipedia<\/a>, <a href=\"http:\/\/www.photocase.de\/\" target=\"_blank\" rel=\"noopener noreferrer\">photocase.de<\/a>, <a href=\"http:\/\/www.itpanic.de\/\" target=\"_blank\" rel=\"noopener noreferrer\">itpanic.de<\/a>,<\/li>\n<li>Screenshots von Webseiten wurden nur mit Einverst\u00e4ndnis des Webseitenautors ver\u00f6ffentlicht.<\/li>\n<li>Malvorlagen wurden entweder selbst gezeichnet, vom Autor eingeschickt, oder stammen ebenfalls aus den o.g. lizenzfreien Fotoquellen.<\/li>\n<\/ul>\n<p>Sollte auf irgendeiner Weise unwessentlich gegen bestehende Rechte (Marken- Urheber o.a.) versto\u00dfen werden, bitte ich um kurze Mitteilung. Die entsprechenden Inhalte werden unverz\u00fcglich entfernt.<\/p>\n<p>Keine Abmahnung ohne vorherigen Kontakt.<\/p>\n","protected":false},"excerpt":{"rendered":"<p>Impressum Verantwortlich f\u00fcr den Inhalt Hermann Josef Terhorst Obererle 745897 Gelsenkirchen-Buer Telefon: 0209 \u00a0\u00a08833014 Fax: 03212 \u00a0 1023181 ( 0,12 Euro \/ Min aus dem deutschen Festnetz) Email: presse(at)frankensicht.de Homepage: www.frankensicht.de Bank: Bank im Bistum Essen Iban: DE96 3606 0295 00191 2015 Swift:GENODED1BBE Ust-IdNr.: DE125065529 St.-Nr.: 318\/5101\/1599 Haftungshinweis Trotz sorgf\u00e4ltiger inhaltlicher Kontrolle \u00fcbernehme ich keine [&hellip;]<\/p>\n","protected":false},"author":1,"featured_media":0,"parent":0,"menu_order":0,"comment_status":"closed","ping_status":"open","template":"","meta":{"footnotes":""},"class_list":["post-7","page","type-page","status-publish","hentry"],"_links":{"self":[{"href":"https:\/\/www.frankensicht.de\/index.php?rest_route=\/wp\/v2\/pages\/7","targetHints":{"allow":["GET"]}}],"collection":[{"href":"https:\/\/www.frankensicht.de\/index.php?rest_route=\/wp\/v2\/pages"}],"about":[{"href":"https:\/\/www.frankensicht.de\/index.php?rest_route=\/wp\/v2\/types\/page"}],"author":[{"embeddable":true,"href":"https:\/\/www.frankensicht.de\/index.php?rest_route=\/wp\/v2\/users\/1"}],"replies":[{"embeddable":true,"href":"https:\/\/www.frankensicht.de\/index.php?rest_route=%2Fwp%2Fv2%2Fcomments&post=7"}],"version-history":[{"count":3,"href":"https:\/\/www.frankensicht.de\/index.php?rest_route=\/wp\/v2\/pages\/7\/revisions"}],"predecessor-version":[{"id":12491,"href":"https:\/\/www.frankensicht.de\/index.php?rest_route=\/wp\/v2\/pages\/7\/revisions\/12491"}],"wp:attachment":[{"href":"https:\/\/www.frankensicht.de\/index.php?rest_route=%2Fwp%2Fv2%2Fmedia&parent=7"}],"curies":[{"name":"wp","href":"https:\/\/api.w.org\/{rel}","templated":true}]}}